factors of z.
2
Let z = -1 - -22. Suppose -3*q - 4 = v, 5*v - z = 2*v + 2*q. Suppose 3*g + 2 = -2*u + 1, 0 = -5*u + v*g + 60. What are the prime factors of u?
7
Let n(x) = x**3 - 12*x**2 + 12*x - 15. Let r be n(11). Let a = 19 - r. What are the prime factors of a?
23
Let r = -4 - 3. Let p(d) = -3*d + 1. Let a be p(-5). Let c = r + a. What are the prime factors of c?
3
Let s = 7 + -10. Let v(k) = -3*k**3 + 2*k**2 + 3*k + 3. Let a be v(s). Suppose -3*h = -l + 24 - a, -2*l - 114 = -5*h. List the prime factors of h.
2, 3
Suppose -10 + 28 = a. Suppose 3*c - 6 - a = 0. Let x = 10 - c. List the prime factors of x.
2
Suppose 0*o = o - 3. Suppose 4*t - 18 = -o*d, 2*t + 3*d - 4*d = 14. List the prime factors of t.
2, 3
Let s = 9 + -3. Let z(p) = 4*p - s*p - 2*p. What are the prime factors of z(-1)?
2
Suppose 13 + 2 = -b. List the prime factors of (-42)/(-5) - 9/b.
3
Let r(h) be the first derivative of h**3/3 + 9*h**2/2 + 4*h - 1. Let v be r(-9). Suppose 0*j - v*j + 16 = 0. What are the prime factors of j?
2
Let g be (2 - 3)*1*-4. Suppose -g*x = -x - 6. List the prime factors of x.
2
Suppose -3*b + 308 = -b. List the prime factors of b.
2, 7, 11
Suppose 6*l = 5*l. Suppose l = o + 2*o - 6. List the prime factors of o.
2
Suppose d - g - 196 = 0, -3*d + 772 = d - g. List the prime factors of d.
2, 3
Suppose 2*b = u - 0*u + 38, -b = -5*u - 19. What are the prime factors of b?
19
Let k(m) = 3*m**2 - 13*m - 15. List the prime factors of k(7).
41
Let z be (1 - (1 - -1)) + -11. What are the prime factors of z/((1/2)/(-1))?
2, 3
List the prime factors of -1*(4 + -5) + 10.
11
Let y(w) = 3*w**3 - 2*w**2 + 2*w - 1. Let s be y(1). Let c = 107 - 63. Suppose 3*d + 5*g - c = 0, 4*d - 24 = s*g - 0*g. List the prime factors of d.
2
Suppose 3*u - 4 = 2. List the prime factors of u.
2
Suppose -4*l - 78 = 14. Let r = 25 + l. List the prime factors of r.
2
Let o(q) = -q**3 + 4*q**2 + 7*q + 2. Let a be o(5). Suppose 0 = -2*d + 3*d - a. List the prime factors of d.
2, 3
Let p be -1 + -3 + 1 - -5. List the prime factors of p*8/(-5)*-5.
2
Suppose -18 = -o - 5*f, -f - f + 18 = o. Let x = -16 + o. List the prime factors of x.
2
Suppose 236 + 6 = 11*f. What are the prime factors of f?
2, 11
Let c = 100 + 22. List the prime factors of c.
2, 61
Let q(u) = u**3 + u**2 - u + 12. Let z be q(0). Suppose 2*a + 14 = 2*w, 4*w - 37 = a - z. List the prime factors of w.
2, 3
Let f = -23 - -30. Suppose 0 = 5*j, -u + 0*j + 5 = -j. Suppose 0 = u*x - f - 23. List the prime factors of x.
2, 3
Let v(f) = -22*f - 1. Let z be v(-1). Let a = z - 42. What are the prime factors of 4/((-12)/a) + -1?
2, 3
Let b be 3/(2 - (-10)/(-6)). Let w = b - 4. Suppose -23 = -w*r + 42. What are the prime factors of r?
13
Let v(i) be the first derivative of i**2/2 - 3*i + 3. Let y be v(0). Let q(h) = h**2 - h + 4. List the prime factors of q(y).
2
Suppose t = 2, -2 = 4*p - 4*t + t. What are the prime factors of 1 - -16 - (p + 1)?
3, 5
Let f(c) be the third derivative of c**5/30 + 5*c**4/24 - c**3/2 + 4*c**2. What are the prime factors of f(-4)?
3
Suppose 0 = 2*i - 5*n - 776, -772 = -2*i + 7*n - 4*n. What are the prime factors of i?
383
Let i = 23 - 14. List the prime factors of i.
3
Suppose 0 = 5*m + 4*c - 3*c - 149, 0 = -3*m + 5*c + 95. Let h = -13 + m. What are the prime factors of h?
17
Suppose 19*c + 4*c = 5635. What are the prime factors of c?
5, 7
List the prime factors of (-183)/(-1)*(1 + (-16)/24).
61
Suppose 0*n = 4*n - 8. Let l be (-10)/(n*(2 - 3)). Suppose -5*k + 14 = -4*m, 0 = -l*k - 5*m + 1 + 4. List the prime factors of k.
2
Suppose 2*s - 6 = 4*s. Let l(r) = -r**3 - r**2 - 5*r - 3. What are the prime factors of l(s)?
2, 3, 5
Suppose -6*s = -s. Suppose -j = -s*j - 23. What are the prime factors of j?
23
Suppose 0 = 2*z - 6*z + 212. What are the prime factors of z?
53
Suppose 3*v = -109 + 394. What are the prime factors of v?
5, 19
Let h(p) = 4*p + 1. Let a be h(-1). Suppose 2*z + 3 = 2*n + 13, -5*z = -n - 21. List the prime factors of (a/z)/((-4)/48).
3
Let g be 5*(-4)/30*-18. Suppose 36 = 4*z - g. What are the prime factors of z?
2, 3
Let a(s) = 3*s**2 + 17*s + 19. What are the prime factors of a(-12)?
13, 19
Suppose -3*o + 16 = -8. Suppose 0 = -4*p + o + 8. What are the prime factors of -6*(1 + (-6)/p)?
3
What are the prime factors of (12/16)/((-1)/(-76))?
3, 19
Let z be (-71)/(-4) + (-1)/(-4). Let s = z + -13. Suppose s*g - 2*g - 36 = 0. List the prime factors of g.
2, 3
Suppose 3*g - 62 - 16 = 0. What are the prime factors of g?
2, 13
Suppose 44 - 5 = q. What are the prime factors of q?
3, 13
Suppose -134 - 110 = -3*q + 5*n, -3*q - n + 214 = 0. List the prime factors of q.
73
Let u be 2/(-10) - (-48)/15. Suppose 15 = d - u. What are the prime factors of d?
2, 3
Suppose l = 4*o + 19, 0 = -0*l - 5*l + 2*o + 41. Suppose 0 = 5*f - d - 15, -l*f + 3*f + 6 = -2*d. What are the prime factors of f?
2
Suppose -9*r + 12 = -7*r. What are the prime factors of r?
2, 3
Let z(n) = -n**2 + 3*n + 7. Let k be z(5). Let d(o) = -12*o - 4. What are the prime factors of d(k)?
2
Let i(a) = -11*a - 1. Let m(v) = -21*v - 1. Let t(r) = -11*i(r) + 6*m(r). List the prime factors of t(-5).
2, 3, 5
Let k(d) = -2*d - 19. Let y(i) = 5*i + 56. Suppose 4*w - 13 + 1 = 0. Let t(r) = w*y(r) + 8*k(r). What are the prime factors of t(7)?
3
Let z be 78/15 + (-1)/5. Suppose -h = -z - 0. Suppose -4*b + 70 = 5*a, h*a = -b + 5*b + 70. What are the prime factors of a?
2, 7
Let s be 4 - (4 + -2 + -1). Let n = -10 - -23. Suppose -j + n = s. List the prime factors of j.
2, 5
Let a be (10/(-6))/((-4)/24). Suppose t - a - 1 = 0. Suppose -y + 2*w = -0 + 1, -4*y + 5*w + t = 0. List the prime factors of y.
3
What are the prime factors of (-3)/(3*3/(-21))?
7
Let f(d) = 2*d + 1. Let g be f(1). Suppose -g*w + w = 4. What are the prime factors of (-8)/1*(1 + w)?
2
Let t(b) = -b**2 - 10*b + 16. Let x(k) = -k**2 - 5*k + 1. Let h be x(-4). Suppose -3 = -n - h, -5*q + 5*n - 45 = 0. What are the prime factors of t(q)?
5
Let b(x) = x**3 + 9*x**2 + 2. Let i be b(-8). Suppose 4*q - 5*c - 48 = -3*c, -4*c = -5*q + i. What are the prime factors of -2*q*14/(-35)?
2
Let l(z) = z**2 - 5*z + 4. Let m(t) = 2*t + 2. Let r be m(2). List the prime factors of l(r).
2, 5
Let d(i) = -i + 11. Let b be d(8). Suppose 122 = 5*m - p, 0 = 5*m + b*p + 71 - 185. What are the prime factors of m?
2, 3
Let a(n) = 52*n**2 - 1. Let t = -8 - -9. What are the prime factors of a(t)?
3, 17
Let k = -442 + 621. List the prime factors of k.
179
List the prime factors of 9/(1/(-12)*-1).
2, 3
Suppose h + 0*h - 27 = 0. Suppose 2*q + 0*v = -v + h, -4*v - 13 = -3*q. What are the prime factors of q?
11
Suppose -i + 18 + 20 = 3*j, 44 = i + 5*j. List the prime factors of i.
29
Let o(h) = -h - 1. Let i(v) = 3*v**2 + v - 5. Let x(d) = i(d) - 3*o(d). List the prime factors of x(-2).
2
Let s = -6 + 5. Let b = 4 + s. List the prime factors of b.
3
Suppose 0 = 5*q + 5, -w - 2 = -q - 5. What are the prime factors of w?
2
Let z = -4 + 8. Suppose -z*c - c + 75 = 0. What are the prime factors of c?
3, 5
Let h(x) = -2*x + 9. Let c be h(-8). Let z = -13 + c. What are the prime factors of z?
2, 3
Suppose -4*r = -2*r. Suppose r = -2*m + 4*m - 8. List the prime factors of m.
2
Let c = -12 + 30. List the prime factors of c.
2, 3
Let n(l) = -l**3 - l**2 + l + 2. Let p be n(0). Suppose 0 = -p*b + 5*b - 39. What are the prime factors of b?
13
Let i = -11 - 2. Let y = i + 30. What are the prime factors of y?
17
Suppose 5*w - 64 - 86 = 0. List the prime factors of w.
2, 3, 5
What are the prime factors of 224 + 3/6*(4 - 4)?
2, 7
Suppose 0 = 4*w - 4*v - 48, -2*w - 3*v - 47 = -6*w. Let u be -4*(-3)/18*-12. Let q = u + w. List the prime factors of q.
3
Suppose 0 = -2*k + k - 13. Let q be (38/8)/((-60)/(-16) + -4). Let c = k - q. What are the prime factors of c?
2, 3
Suppose 5*p + 4*j = -0*j - 5, 35 = 5*p - 4*j. Suppose p*i - 111 = 30. What are the prime factors of i?
47
Let m(t) = 3*t**2 + 2*t + 1. List the prime factors of m(3).
2, 17
Let u(y) = 4*y**2 + y - 2. Let t be u(-4). Suppose 0 = 4*i - 3*f - t, f + 1 + 1 = 0. What are the prime factors of i?
13
Let z(p) = 2*p**3 + 24*p**2 - 13*p + 2. List the prime factors of z(-12).
2, 79
Suppose 3*q = -0*q - 21. Let b(i) be the second derivative of -i**3/3 - 3*i**2/2 + i. List the pr